 v?
5, 43
Let w(p) = -2*p**2 + p + 5. Let i be w(3). Let n be i/(-4)*54/45. Suppose -n*m + 4*y + 435 = 0, 2*y = 2*m - 7*m + 725. List the prime factors of m.
5, 29
Let o(v) = 2*v + 30. Let s be o(-14). Let g be ((-18)/(-54))/(s/12). List the prime factors of (g - -1)*280/21.
2, 5
Let k = -58 + 112. Let d = k - -225. List the prime factors of d.
3, 31
Let n(l) = 11*l - 5. Let h = -19 - -24. Let q = h + 0. List the prime factors of n(q).
2, 5
Let j(m) = -m**3 + 19*m**2 + 14*m - 4. Let f be j(17). Suppose -3*c - 2*u = 2*c - 4112, -f = -c - 3*u. List the prime factors of c.
2, 103
Let a(i) = -i**3 - 18*i**2 + 2*i + 36. Let u be a(-18). Suppose -3*x = -3*z + 1983 + 774, u = 4*z - x - 3664. What are the prime factors of z?
3, 5, 61
Let i(x) = 10*x - 165. Let t be i(18). Suppose -6*u - 2250 = -t*u. What are the prime factors of u?
2, 5
Let c(t) = -15 - 5*t - t + 50. What are the prime factors of c(-9)?
89
Suppose 0*h - 6*h + 222 = 0. Let q = h + -35. What are the prime factors of 136 - ((-7 + 1)/q - 0)?
139
Let p = -13303 + 23619. List the prime factors of p.
2, 2579
Suppose -19 - 11 = -5*h. Let l be 1*4/6*h. Suppose -3*q = -o - 103, -q + 148 = 3*q + l*o. What are the prime factors of q?
5, 7
Let k = 3160 + -344. List the prime factors of k.
2, 11
Let q = -31 + -26. Let p be (-1 - 2 - q) + 3. What are the prime factors of 4*1 + (p - 8)?
53
Suppose 5*j = -10, -5*y = -0*y - 4*j - 18. Suppose y*s = 2*f + 18, -5*s - 7*f + 45 = -4*f. List the prime factors of s.
3
Let c(a) = 6*a**2 - 30*a + 670. List the prime factors of c(15).
2, 5, 157
Let g = 621 - 339. Let n = 1921 - g. What are the prime factors of n?
11, 149
Suppose -3*q - 54 = -6*q. Let f be q/45 - (-92)/(-5). Let l = f - -35. What are the prime factors of l?
17
Suppose -2*j - 13625 = -31516 - 60751. What are the prime factors of j?
3, 17, 257
Suppose v = -3*p + 7, v = 2*v + 4*p - 6. Suppose 4030 = v*b - 0*b. Suppose -5*i + 257 + b = 0. List the prime factors of i.
2, 3, 11
List the prime factors of 270964/32*1 - (-18)/48.
2, 29, 73
Let s(t) = 45*t - 134. Suppose 87*z = 83*z + 60. What are the prime factors of s(z)?
541
Suppose 2*n = -2*l - 1148, -4 = -53*l + 51*l. Let m = n + 977. What are the prime factors of m?
401
Let d(v) = 5 - 1 + 5*v**2 - 2 + 3 + v**3 - 4*v. Let z be d(-5). Suppose 0 = -4*k - 3*h + 88, 5*h + z - 5 = 0. List the prime factors of k.
5
Suppose -38*x = -2*o - 43*x + 18405, 5*x = 25. List the prime factors of o.
2, 5, 919
Let x(l) = 7*l**2 - l - 248. Let y be x(0). Let t = y + 766. What are the prime factors of t?
2, 7, 37
Let y(r) = -2*r**2 - 3*r + 160. Let b(k) = 3*k**3 + 5*k**2 + 5*k - 2. Let t be b(-3). Let j = 53 + t. What are the prime factors of y(j)?
2, 5
Suppose -f = 2*z + 9, -2*z - 2*f + 36 = -7*z. Let n be -11 + 7 + 432/3. List the prime factors of (n/z)/(4/(-6)).
5, 7
Let k = 1387 + -793. Let v = -80 + k. List the prime factors of v.
2, 257
Suppose d - 25 = -5*a, 8*d - 35 = -5*a + 5*d. What are the prime factors of 843 + (a - (-5 + 2 - -3))?
7, 11
Let z(t) = 0*t**3 + 164*t - 161*t - t**3 + 2 + 4*t**2. List the prime factors of z(-3).
2, 7
Suppose -25*y = -51 - 99. Let a be 1/2*30/5. Suppose y*l = a*l + 522. What are the prime factors of l?
2, 3, 29
Let m = -257 + 132. Let i = -85 - m. List the prime factors of 16/i - (-306)/10.
31
Suppose -5*d + 161 - 2346 = -5*z, 0 = 2*z + d - 862. Let s = z - 706. What are the prime factors of 4/6*s/(-2)?
7, 13
Let n(y) = y**3 - 11*y**2 + 9*y + 17. Let p(c) = -c + 1. Let d(t) = -n(t) + 3*p(t). What are the prime factors of d(9)?
2, 5
Let z(g) = -1037*g + 62. Let w be z(2). Let p = -1027 - w. List the prime factors of p.
5, 197
Let k(l) = 85*l**2 - 12*l - 51. List the prime factors of k(-7).
2, 2099
Let v(q) = -2*q + 7. Let x be v(-5). Suppose 5*l + x = d, -4*d - d = 15. What are the prime factors of (-2*1/l)/(4/296)?
37
Let y(p) = 5*p**2 + 4*p - 10. Let t(i) = -4*i**2 - 5*i + 10. Let d(q) = -4*t(q) - 3*y(q). Let l be d(-8). Let a(o) = -19*o - 1. List the prime factors of a(l).
3, 7
Let t be (4 + -8 + 7)/1. Suppose 4*f - t*h = 1795, -10 = 4*h - 6. List the prime factors of f.
2, 7
Suppose d + 5*g + 3 = -4, 7 = 3*d + g. Let z be (-238 - d)/((-3)/6). Suppose 0 = -2*j - b + 2*b + 192, 5*j - z = 3*b. List the prime factors of j.
2, 47
Let q be -4 - 33/(-8) - (-124)/32. Suppose q*h - 3*t = 2047, h - 288 = 5*t + 211. List the prime factors of h.
2, 257
Let u = -236 - -238. Suppose 2*s + s - 3*j = 2094, -u*s = -5*j - 1408. List the prime factors of s.
2, 347
What are the prime factors of ((-99)/132)/((-39)/1305512)?
2, 12553
Suppose -17*y + 994 = -88*y. Let t be (1/2)/(2/24). List the prime factors of ((-381)/t)/(7/y).
127
Let j(v) = -76*v + 13. Let y(h) = 77*h - 13. Let u(q) = -3*j(q) - 2*y(q). List the prime factors of u(3).
11, 19
Suppose 5*t + 107 - 1372 = 0. Let m = 1875 - 1867. What are the prime factors of t/33*(m - 2)?
2, 23
Suppose -3*l = l - 12. Let b be ((-13)/l - -4)*-9. Suppose b*d - 52 = 3*o + 227, 0 = 5*d + 2*o - 472. List the prime factors of d.
2, 47
Suppose 36*c - 5795 = 41*c. Let l = c + 2460. What are the prime factors of l?
1301
Let s = 9262 + -3038. What are the prime factors of s?
2, 389
Suppose -176 = -4*d - 14*q + 18*q, 2*q + 172 = 4*d. List the prime factors of ((-1965)/(-10))/(7/d).
3, 131
Suppose 33*y - 652398 = 178311. List the prime factors of y.
3, 2797
Suppose 501*z = 943*z - 483*z + 1058292. List the prime factors of z.
2, 3, 239
Let a = 94 - 72. List the prime factors of (2 - a)/(-5) + 22*7.
2, 79
Suppose -4*r = -6 + 50. Let i(s) = -106*s - 26. Let v be i(r). Suppose -8*x + v = 2*x. List the prime factors of x.
2, 3, 19
Let v be 2/1 - ((-77)/11 - -5). Suppose -2*z - m + 73 = 0, 18*m - 14*m = -v*z + 144. List the prime factors of z.
37
Suppose 5*g - 12616 = -w, 5*g - 45*w - 12618 = -48*w. List the prime factors of g.
3, 29
Suppose -6*b = 5*b + 3*b - 289506. List the prime factors of b.
3, 61, 113
Let p(k) = 12*k**2 + 9*k + 11. Let o be p(9). Let z = o - 569. Suppose 5*b - z = 20. List the prime factors of b.
103
Let u(b) = 64*b**2 + 99*b + 74. List the prime factors of u(-11).
3, 2243
Suppose 1 = -2*w + 5*f, 5*f = 2*w + 2*w - 3. Suppose 5*v + 25 = w*p, 0*v + v = p - 8. Suppose -p*q + 12*q - 1015 = 0. List the prime factors of q.
5, 29
Let f(c) = -5*c**3 - 9*c**2 - 47*c - 28. What are the prime factors of f(-11)?
5, 7, 173
List the prime factors of (6 - 2331)/((-3)/2*31/806).
2, 5, 13, 31
Let l(p) be the second derivative of 41*p**5/10 - p**4/3 - p**3/2 + 5*p**2 + 87*p. What are the prime factors of l(2)?
2, 7, 23
List the prime factors of -2 - (-62270)/39*3.
2, 3, 7, 19
Let b = -2936 - -5742. Let l = -1133 + b. What are the prime factors of l?
7, 239
Let u(s) = -s + 7. Let j be u(5). Let y be (j + 0)/(5/15350 - 0). List the prime factors of y/28 - 8/28.
3, 73
Let y = -32 + 37. Suppose -y*n - m = -428 + 24, 0 = 3*n + 4*m - 239. Let f = 141 - n. What are the prime factors of f?
2, 3, 5
Suppose -3*x - 4*x = 10563. Let p = -739 - x. List the prime factors of p.
2, 5, 7, 11
Suppose -4*m = 11*p - 19*p + 316812, 0 = 3*p - 4*m - 118812. What are the prime factors of p?
2, 3, 5, 11
Let w(t) = -2 + 19*t**2 + 22*t**2 - 13*t + 3 + 2 - 42*t**2. Let s(v) = -v + 5. Let l be s(9). What are the prime factors of w(l)?
3, 13
Let o = 53 + -12. Let h = o - 29. Suppose 8*d + 332 = h*d. List the prime factors of d.
83
Suppose -5*g = 5*a + 50, 2*a + 0 = 5*g + 1. Let c(b) = -36*b + 276. What are the prime factors of c(a)?
2, 3, 11
Suppose 147190 - 177409 = 54*y - 532851. List the prime factors of y.
2, 13, 179
Let j(q) = q**3 + 14*q**2 - 4*q - 12. Let r be j(-14). Let m = -75 + r. Let i = 75 + m. List the prime factors of i.
2, 11
Suppose 4*y = 2*j - 6*j + 76, 0 = -y + 2*j + 16. Suppose 0 = -y*g + 7*g + 4323. What are the prime factors of g?
3, 131
Suppose -g = 4*o - 21700, -2*o - 2*g + 7794 = -3062. List the prime factors of o.
2, 3, 113
Suppose 0*o + 30 = -2*o. Let b(k) = k**3 + 16*k**2 + 17*k + 35. Let l be b(o). Suppose 3*c = -l*d + 395, d = 4*d + 3*c - 237. List the prime factors of d.
79
Let u(c) = -214*c - 70. Let r be u(-15). Suppose r = 5*s - z, z - 5*z + 3140 = 5*s. List the prime factors of s.
2, 157
Suppose -d - 92075 = -4*r, -4097*r - 5*d + 23066 = -4096*r. What are the prime factors of r?
23021
What are the prime 